{"id":1353,"date":"2026-04-06T13:21:50","date_gmt":"2026-04-06T13:21:50","guid":{"rendered":"https:\/\/horokorva.fi\/?page_id=1353"},"modified":"2026-04-17T08:04:11","modified_gmt":"2026-04-17T08:04:11","slug":"sisu","status":"publish","type":"page","link":"https:\/\/horokorva.fi\/index.php\/sisu\/","title":{"rendered":"Sisu"},"content":{"rendered":"\n<p><\/p>\n\n\n\n<p><\/p>\n\n\n\n<p><\/p>\n\n\n\n<p><\/p>\n\n\n\n<h1 class=\"wp-block-heading has-text-align-center\"><br><strong>FI* Sungain Sun King, &#8221;Sisu&#8221;<\/strong><\/h1>\n\n\n\n<div class=\"wp-block-media-text is-stacked-on-mobile is-vertically-aligned-center\" style=\"grid-template-columns:58% auto\"><figure class=\"wp-block-media-text__media\"><img loading=\"lazy\" decoding=\"async\" width=\"1024\" height=\"1017\" src=\"https:\/\/horokorva.fi\/wp-content\/uploads\/2026\/04\/sisu14vko-e1776413014778-1024x1017.jpeg\" alt=\"\" class=\"wp-image-1396 size-full\" srcset=\"https:\/\/horokorva.fi\/wp-content\/uploads\/2026\/04\/sisu14vko-e1776413014778-1024x1017.jpeg 1024w, https:\/\/horokorva.fi\/wp-content\/uploads\/2026\/04\/sisu14vko-e1776413014778-300x298.jpeg 300w, https:\/\/horokorva.fi\/wp-content\/uploads\/2026\/04\/sisu14vko-e1776413014778-150x150.jpeg 150w, https:\/\/horokorva.fi\/wp-content\/uploads\/2026\/04\/sisu14vko-e1776413014778-768x763.jpeg 768w, https:\/\/horokorva.fi\/wp-content\/uploads\/2026\/04\/sisu14vko-e1776413014778.jpeg 1512w\" sizes=\"auto, (max-width: 1024px) 100vw, 1024px\" \/><\/figure><div class=\"wp-block-media-text__content\">\n<p style=\"margin-top:var(--wp--preset--spacing--20);margin-right:var(--wp--preset--spacing--20);margin-bottom:var(--wp--preset--spacing--20);margin-left:var(--wp--preset--spacing--20);font-size:15px\">s. 9.1.2026<\/p>\n\n\n\n<p style=\"margin-top:var(--wp--preset--spacing--20);margin-right:var(--wp--preset--spacing--20);margin-bottom:var(--wp--preset--spacing--20);margin-left:var(--wp--preset--spacing--20);font-size:15px\">OLH d 24, punat\u00e4plik\u00e4s it\u00e4mainen pitk\u00e4karva<\/p>\n\n\n\n<p style=\"margin-top:var(--wp--preset--spacing--20);margin-right:var(--wp--preset--spacing--20);margin-bottom:var(--wp--preset--spacing--20);margin-left:var(--wp--preset--spacing--20);font-size:15px\">Kasvattaja: Kristiina Kaarakka, FI*Sungain<\/p>\n\n\n\n<p style=\"margin-top:var(--wp--preset--spacing--20);margin-right:var(--wp--preset--spacing--20);margin-bottom:var(--wp--preset--spacing--20);margin-left:var(--wp--preset--spacing--20);font-size:15px\">Sisu asuu sijoituskodissa Hyvink\u00e4\u00e4ll\u00e4, is\u00e4ns\u00e4 <a href=\"https:\/\/horokorva.fi\/index.php\/kaapo\/\" data-type=\"page\" data-id=\"505\">Kapu<\/a>n kanssa<\/p>\n\n\n\n<p style=\"margin-top:var(--wp--preset--spacing--20);margin-right:var(--wp--preset--spacing--20);margin-bottom:var(--wp--preset--spacing--20);margin-left:var(--wp--preset--spacing--20);font-size:15px\"><\/p>\n\n\n\n<p><\/p>\n\n\n\n<p style=\"margin-top:var(--wp--preset--spacing--20);margin-right:var(--wp--preset--spacing--20);margin-bottom:var(--wp--preset--spacing--20);margin-left:var(--wp--preset--spacing--20);font-size:15px\">Sisun DNA-testi otetaan kev\u00e4\u00e4n aikana&nbsp;<\/p>\n\n\n\n<p style=\"margin-top:var(--wp--preset--spacing--20);margin-right:var(--wp--preset--spacing--20);margin-bottom:var(--wp--preset--spacing--20);margin-left:var(--wp--preset--spacing--20);font-size:15px\"><a href=\"https:\/\/kissat.kissaliitto.fi\/perusnaytto_kissa.aspx?id=362356\" target=\"_blank\" rel=\"noreferrer noopener\">Sisu&nbsp;Omakissassa<\/a><\/p>\n\n\n\n<p style=\"margin-top:var(--wp--preset--spacing--20);margin-right:var(--wp--preset--spacing--20);margin-bottom:var(--wp--preset--spacing--20);margin-left:var(--wp--preset--spacing--20);font-size:15px\">Sisu&nbsp; Pawpedsiss\u00e4<\/p>\n\n\n\n<p class=\"has-small-font-size\" style=\"margin-top:var(--wp--preset--spacing--20);margin-right:var(--wp--preset--spacing--20);margin-bottom:var(--wp--preset--spacing--20);margin-left:var(--wp--preset--spacing--20)\"><\/p>\n\n\n\n<p><\/p>\n\n\n\n<p class=\"has-small-font-size\">Kuva: (C) Tessa LV<\/p>\n\n\n\n<p><\/p>\n\n\n\n<p class=\"has-small-font-size\"><\/p>\n\n\n\n<p><\/p>\n\n\n\n<p class=\"has-medium-font-size\"><\/p>\n<\/div><\/div>\n\n\n\n<h6 class=\"wp-block-heading has-small-font-size\">Pentueet:<br><\/h6>\n\n\n\n<p class=\"has-text-align-left has-small-font-size\"><\/p>\n\n\n\n<p><\/p>\n\n\n\n<p><\/p>\n","protected":false},"excerpt":{"rendered":"<p>FI* Sungain Sun King, &#8221;Sisu&#8221; s. 9.1.2026 OLH d 24, punat\u00e4plik\u00e4s it\u00e4mainen pitk\u00e4karva Kasvattaja: Kristiina Kaarakka, FI*Sungain Sisu asuu sijoituskodissa Hyvink\u00e4\u00e4ll\u00e4, is\u00e4ns\u00e4 Kapun kanssa Sisun DNA-testi otetaan kev\u00e4\u00e4n aikana&nbsp; Sisu&nbsp;Omakissassa Sisu&nbsp; Pawpedsiss\u00e4 Kuva: (C) Tessa LV Pentueet:<\/p>\n","protected":false},"author":1,"featured_media":0,"parent":0,"menu_order":0,"comment_status":"closed","ping_status":"closed","template":"","meta":{"_kad_post_transparent":"","_kad_post_title":"","_kad_post_layout":"narrow","_kad_post_sidebar_id":"","_kad_post_content_style":"","_kad_post_vertical_padding":"","_kad_post_feature":"","_kad_post_feature_position":"","_kad_post_header":false,"_kad_post_footer":false,"_kad_post_classname":"","footnotes":""},"class_list":["post-1353","page","type-page","status-publish","hentry"],"_links":{"self":[{"href":"https:\/\/horokorva.fi\/index.php\/wp-json\/wp\/v2\/pages\/1353","targetHints":{"allow":["GET"]}}],"collection":[{"href":"https:\/\/horokorva.fi\/index.php\/wp-json\/wp\/v2\/pages"}],"about":[{"href":"https:\/\/horokorva.fi\/index.php\/wp-json\/wp\/v2\/types\/page"}],"author":[{"embeddable":true,"href":"https:\/\/horokorva.fi\/index.php\/wp-json\/wp\/v2\/users\/1"}],"replies":[{"embeddable":true,"href":"https:\/\/horokorva.fi\/index.php\/wp-json\/wp\/v2\/comments?post=1353"}],"version-history":[{"count":7,"href":"https:\/\/horokorva.fi\/index.php\/wp-json\/wp\/v2\/pages\/1353\/revisions"}],"predecessor-version":[{"id":1399,"href":"https:\/\/horokorva.fi\/index.php\/wp-json\/wp\/v2\/pages\/1353\/revisions\/1399"}],"wp:attachment":[{"href":"https:\/\/horokorva.fi\/index.php\/wp-json\/wp\/v2\/media?parent=1353"}],"curies":[{"name":"wp","href":"https:\/\/api.w.org\/{rel}","templated":true}]}}