{"id":678,"date":"2025-05-01T16:46:21","date_gmt":"2025-05-01T16:46:21","guid":{"rendered":"https:\/\/horokorva.fi\/?page_id=678"},"modified":"2025-05-02T10:07:07","modified_gmt":"2025-05-02T10:07:07","slug":"finnjavlat","status":"publish","type":"page","link":"https:\/\/horokorva.fi\/index.php\/finnjavlat\/","title":{"rendered":"Finnj\u00e4vlat"},"content":{"rendered":"\n<p><\/p>\n\n\n\n<h2 class=\"wp-block-heading has-text-align-center\"><strong>Finnj\u00e4vlat, s. 18.10.2024<\/strong><\/h2>\n\n\n\n<p><\/p>\n\n\n\n<div class=\"wp-block-kadence-image kb-image678_6225c6-d4\"><figure class=\"alignleft size-medium\"><img loading=\"lazy\" decoding=\"async\" width=\"214\" height=\"300\" src=\"https:\/\/horokorva.fi\/wp-content\/uploads\/2025\/05\/ellivauvat-214x300.jpg\" alt=\"\" class=\"kb-img wp-image-737\" srcset=\"https:\/\/horokorva.fi\/wp-content\/uploads\/2025\/05\/ellivauvat-214x300.jpg 214w, https:\/\/horokorva.fi\/wp-content\/uploads\/2025\/05\/ellivauvat-731x1024.jpg 731w, https:\/\/horokorva.fi\/wp-content\/uploads\/2025\/05\/ellivauvat-768x1075.jpg 768w, https:\/\/horokorva.fi\/wp-content\/uploads\/2025\/05\/ellivauvat.jpg 1097w\" sizes=\"auto, (max-width: 214px) 100vw, 214px\" \/><figcaption>(C) Virpi Rannikko<\/figcaption><\/figure><\/div>\n\n\n\n<div class=\"wp-block-kadence-image kb-image678_58d9e0-c5\"><figure class=\"alignright size-medium\"><img loading=\"lazy\" decoding=\"async\" width=\"225\" height=\"300\" src=\"https:\/\/horokorva.fi\/wp-content\/uploads\/2025\/05\/aarnevauvat-225x300.jpg\" alt=\"\" class=\"kb-img wp-image-736\" srcset=\"https:\/\/horokorva.fi\/wp-content\/uploads\/2025\/05\/aarnevauvat-225x300.jpg 225w, https:\/\/horokorva.fi\/wp-content\/uploads\/2025\/05\/aarnevauvat-768x1024.jpg 768w, https:\/\/horokorva.fi\/wp-content\/uploads\/2025\/05\/aarnevauvat-1152x1536.jpg 1152w, https:\/\/horokorva.fi\/wp-content\/uploads\/2025\/05\/aarnevauvat.jpg 1200w\" sizes=\"auto, (max-width: 225px) 100vw, 225px\" \/><figcaption>(C) Jani Tarvainen<\/figcaption><\/figure><\/div>\n\n\n\n<p><\/p>\n\n\n\n<p class=\"has-text-align-left\" style=\"font-size:15px\">\u00c4iti: <a href=\"https:\/\/horokorva.fi\/index.php\/elli\/\" data-type=\"page\" data-id=\"499\">SE* Alchemillas Elira<\/a>, BAL o 21<\/p>\n\n\n\n<p class=\"has-text-align-right\" style=\"font-size:15px\"><br>Is\u00e4: <a href=\"https:\/\/horokorva.fi\/index.php\/aarne\/\" data-type=\"page\" data-id=\"648\">KCH FI* H\u00f6r\u00f6korva -Aarne<\/a>, OSH b 03 25<\/p>\n\n\n\n<p><\/p>\n\n\n\n<p><\/p>\n\n\n\n<p><\/p>\n\n\n\n<p><\/p>\n\n\n\n<p><\/p>\n\n\n\n<pre class=\"wp-block-code\"><code> \n  \n  \n \n\n\n \n\n\n\n\n\n \n <\/code><\/pre>\n\n\n\n<div class=\"wp-block-kadence-spacer aligncenter kt-block-spacer-678_70ae14-97\"><div class=\"kt-block-spacer kt-block-spacer-halign-center\"><hr class=\"kt-divider\"\/><\/div><\/div>\n\n\n\n<p><\/p>\n\n\n\n<div class=\"wp-block-media-text is-stacked-on-mobile\" style=\"grid-template-columns:29% auto\"><figure class=\"wp-block-media-text__media\"><img loading=\"lazy\" decoding=\"async\" width=\"768\" height=\"1024\" src=\"https:\/\/horokorva.fi\/wp-content\/uploads\/2025\/05\/hugo-768x1024.jpg\" alt=\"\n\" class=\"wp-image-747 size-full\" srcset=\"https:\/\/horokorva.fi\/wp-content\/uploads\/2025\/05\/hugo-768x1024.jpg 768w, https:\/\/horokorva.fi\/wp-content\/uploads\/2025\/05\/hugo-225x300.jpg 225w, https:\/\/horokorva.fi\/wp-content\/uploads\/2025\/05\/hugo-1152x1536.jpg 1152w, https:\/\/horokorva.fi\/wp-content\/uploads\/2025\/05\/hugo.jpg 1536w\" sizes=\"auto, (max-width: 768px) 100vw, 768px\" \/><\/figure><div class=\"wp-block-media-text__content\">\n<p class=\"has-text-align-left\">FI* H\u00f6r\u00f6korva -Hugo<\/p>\n\n\n\n<p class=\"has-text-align-left\" style=\"margin-top:var(--wp--preset--spacing--20);margin-right:var(--wp--preset--spacing--20);margin-bottom:var(--wp--preset--spacing--20);margin-left:var(--wp--preset--spacing--20);font-size:15px\">SIA o 21, uros<br>Kanelitabbynaamio siamilainen<\/p>\n\n\n\n<p style=\"margin-top:var(--wp--preset--spacing--20);margin-right:var(--wp--preset--spacing--20);margin-bottom:var(--wp--preset--spacing--20);margin-left:var(--wp--preset--spacing--20);font-size:15px\">Hugo asustaa Tampereella<\/p>\n\n\n\n<p><\/p>\n\n\n\n<p class=\"has-small-font-size\">Kuva: (C) Pinja Kinisj\u00e4rvi<\/p>\n<\/div><\/div>\n\n\n\n<div class=\"wp-block-media-text has-media-on-the-right is-stacked-on-mobile\" style=\"grid-template-columns:auto 30%\"><div class=\"wp-block-media-text__content\">\n<p class=\"has-text-align-right\">FI* H\u00f6r\u00f6korva -Einar<\/p>\n\n\n\n<p class=\"has-text-align-right\" style=\"margin-top:var(--wp--preset--spacing--20);margin-right:var(--wp--preset--spacing--20);margin-bottom:var(--wp--preset--spacing--20);margin-left:var(--wp--preset--spacing--20);font-size:15px\">SIA o 21, uros<\/p>\n\n\n\n<p class=\"has-text-align-right\" style=\"margin-top:var(--wp--preset--spacing--20);margin-right:var(--wp--preset--spacing--20);margin-bottom:var(--wp--preset--spacing--20);margin-left:var(--wp--preset--spacing--20);font-size:15px\">Kanelitabbynaamio siamilainen<\/p>\n\n\n\n<p class=\"has-text-align-right\" style=\"margin-top:var(--wp--preset--spacing--20);margin-right:var(--wp--preset--spacing--20);margin-bottom:var(--wp--preset--spacing--20);margin-left:var(--wp--preset--spacing--20);font-size:15px\">Lanttu on nyky\u00e4\u00e4n Turun poikia<\/p>\n\n\n\n<p><\/p>\n\n\n\n<p class=\"has-text-align-right has-small-font-size\">Kuva: (C) Jan Trygg<\/p>\n<\/div><figure class=\"wp-block-media-text__media\"><img loading=\"lazy\" decoding=\"async\" width=\"819\" height=\"1024\" src=\"https:\/\/horokorva.fi\/wp-content\/uploads\/2025\/05\/lanttu-819x1024.jpg\" alt=\"\" class=\"wp-image-749 size-full\" srcset=\"https:\/\/horokorva.fi\/wp-content\/uploads\/2025\/05\/lanttu-819x1024.jpg 819w, https:\/\/horokorva.fi\/wp-content\/uploads\/2025\/05\/lanttu-240x300.jpg 240w, https:\/\/horokorva.fi\/wp-content\/uploads\/2025\/05\/lanttu-768x961.jpg 768w, https:\/\/horokorva.fi\/wp-content\/uploads\/2025\/05\/lanttu-1228x1536.jpg 1228w, https:\/\/horokorva.fi\/wp-content\/uploads\/2025\/05\/lanttu.jpg 1279w\" sizes=\"auto, (max-width: 819px) 100vw, 819px\" \/><\/figure><\/div>\n\n\n\n<div class=\"wp-block-media-text is-stacked-on-mobile\" style=\"grid-template-columns:30% auto\"><figure class=\"wp-block-media-text__media\"><img loading=\"lazy\" decoding=\"async\" width=\"683\" height=\"1024\" src=\"https:\/\/horokorva.fi\/wp-content\/uploads\/2025\/05\/helga-683x1024.jpg\" alt=\"\" class=\"wp-image-751 size-full\" srcset=\"https:\/\/horokorva.fi\/wp-content\/uploads\/2025\/05\/helga-683x1024.jpg 683w, https:\/\/horokorva.fi\/wp-content\/uploads\/2025\/05\/helga-200x300.jpg 200w, https:\/\/horokorva.fi\/wp-content\/uploads\/2025\/05\/helga-768x1151.jpg 768w, https:\/\/horokorva.fi\/wp-content\/uploads\/2025\/05\/helga-1025x1536.jpg 1025w, https:\/\/horokorva.fi\/wp-content\/uploads\/2025\/05\/helga.jpg 1334w\" sizes=\"auto, (max-width: 683px) 100vw, 683px\" \/><\/figure><div class=\"wp-block-media-text__content\">\n<p>FI* H\u00f6r\u00f6korva -Helga<\/p>\n\n\n\n<p style=\"margin-top:var(--wp--preset--spacing--20);margin-right:var(--wp--preset--spacing--20);margin-bottom:var(--wp--preset--spacing--20);margin-left:var(--wp--preset--spacing--20);font-size:15px\">OSH o 03 24, naaras<\/p>\n\n\n\n<p style=\"margin-top:var(--wp--preset--spacing--20);margin-right:var(--wp--preset--spacing--20);margin-bottom:var(--wp--preset--spacing--20);margin-left:var(--wp--preset--spacing--20);font-size:15px\">Kanelit\u00e4plik\u00e4s bicolor it\u00e4mainen lyhytkarva<\/p>\n\n\n\n<p style=\"margin-top:var(--wp--preset--spacing--20);margin-right:var(--wp--preset--spacing--20);margin-bottom:var(--wp--preset--spacing--20);margin-left:var(--wp--preset--spacing--20);font-size:15px\">Mowgli asustaa Saksassa<\/p>\n\n\n\n<p><\/p>\n\n\n\n<p class=\"has-small-font-size\">Kuva: (C) Business &amp; Portraitfotografie Mario Kl\u00f6tzer<\/p>\n<\/div><\/div>\n\n\n\n<div class=\"wp-block-media-text has-media-on-the-right is-stacked-on-mobile\" style=\"grid-template-columns:auto 30%\"><div class=\"wp-block-media-text__content\">\n<p class=\"has-text-align-right\">FI* H\u00f6r\u00f6korva -Harald<\/p>\n\n\n\n<p class=\"has-text-align-right\" style=\"margin-top:var(--wp--preset--spacing--20);margin-right:var(--wp--preset--spacing--20);margin-bottom:var(--wp--preset--spacing--20);margin-left:var(--wp--preset--spacing--20);font-size:15px\">SIA b 03, uros<\/p>\n\n\n\n<p class=\"has-text-align-right\" style=\"margin-top:var(--wp--preset--spacing--20);margin-right:var(--wp--preset--spacing--20);margin-bottom:var(--wp--preset--spacing--20);margin-left:var(--wp--preset--spacing--20);font-size:15px\">Suklaanaamio bicolor siamilainen<\/p>\n\n\n\n<p class=\"has-text-align-right\" style=\"margin-top:var(--wp--preset--spacing--20);margin-right:var(--wp--preset--spacing--20);margin-bottom:var(--wp--preset--spacing--20);margin-left:var(--wp--preset--spacing--20);font-size:15px\">Kimi asuu Nurmij\u00e4rvell\u00e4<\/p>\n\n\n\n<p><\/p>\n\n\n\n<p class=\"has-text-align-right has-small-font-size\">Kuva: (C) Toni Pokki<\/p>\n<\/div><figure class=\"wp-block-media-text__media\"><img loading=\"lazy\" decoding=\"async\" width=\"768\" height=\"1024\" src=\"https:\/\/horokorva.fi\/wp-content\/uploads\/2025\/05\/harald-768x1024.jpg\" alt=\"\" class=\"wp-image-753 size-full\" srcset=\"https:\/\/horokorva.fi\/wp-content\/uploads\/2025\/05\/harald-768x1024.jpg 768w, https:\/\/horokorva.fi\/wp-content\/uploads\/2025\/05\/harald-225x300.jpg 225w, https:\/\/horokorva.fi\/wp-content\/uploads\/2025\/05\/harald.jpg 960w\" sizes=\"auto, (max-width: 768px) 100vw, 768px\" \/><\/figure><\/div>\n\n\n\n<div class=\"wp-block-media-text is-stacked-on-mobile\" style=\"grid-template-columns:30% auto\"><figure class=\"wp-block-media-text__media\"><img loading=\"lazy\" decoding=\"async\" width=\"640\" height=\"640\" src=\"https:\/\/horokorva.fi\/wp-content\/uploads\/2025\/05\/ingaoma.jpg\" alt=\"\" class=\"wp-image-756 size-full\" srcset=\"https:\/\/horokorva.fi\/wp-content\/uploads\/2025\/05\/ingaoma.jpg 640w, https:\/\/horokorva.fi\/wp-content\/uploads\/2025\/05\/ingaoma-300x300.jpg 300w, https:\/\/horokorva.fi\/wp-content\/uploads\/2025\/05\/ingaoma-150x150.jpg 150w\" sizes=\"auto, (max-width: 640px) 100vw, 640px\" \/><\/figure><div class=\"wp-block-media-text__content\">\n<p>FI* H\u00f6r\u00f6korva -Inga<\/p>\n\n\n\n<p class=\"has-small-font-size\" style=\"margin-top:var(--wp--preset--spacing--20);margin-right:var(--wp--preset--spacing--20);margin-bottom:var(--wp--preset--spacing--20);margin-left:var(--wp--preset--spacing--20)\">OSH o 25, naaras<\/p>\n\n\n\n<p style=\"margin-top:var(--wp--preset--spacing--20);margin-right:var(--wp--preset--spacing--20);margin-bottom:var(--wp--preset--spacing--20);margin-left:var(--wp--preset--spacing--20);font-size:15px\">Kaneli ticked tabby it\u00e4mainen lyhytkarva<\/p>\n\n\n\n<p style=\"margin-top:var(--wp--preset--spacing--20);margin-right:var(--wp--preset--spacing--20);margin-bottom:var(--wp--preset--spacing--20);margin-left:var(--wp--preset--spacing--20);font-size:15px\">Inga j\u00e4i omaan kasvatukseen, h\u00e4n asuu sijoituskodissa Nokialla is\u00e4ns\u00e4 Aarnen kaverina<\/p>\n\n\n\n<p><\/p>\n\n\n\n<p class=\"has-small-font-size\">Kuva: (C) Sirpa Saari<\/p>\n<\/div><\/div>\n","protected":false},"excerpt":{"rendered":"<p>Finnj\u00e4vlat, s. 18.10.2024 \u00c4iti: SE* Alchemillas Elira, BAL o 21 Is\u00e4: KCH FI* H\u00f6r\u00f6korva -Aarne, OSH b 03 25 FI* H\u00f6r\u00f6korva -Hugo SIA o 21, urosKanelitabbynaamio siamilainen Hugo asustaa Tampereella Kuva: (C) Pinja Kinisj\u00e4rvi FI* H\u00f6r\u00f6korva -Einar SIA o 21, uros Kanelitabbynaamio siamilainen Lanttu on nyky\u00e4\u00e4n Turun poikia Kuva: (C) Jan Trygg FI* H\u00f6r\u00f6korva -Helga&#8230;<\/p>\n","protected":false},"author":1,"featured_media":0,"parent":0,"menu_order":0,"comment_status":"closed","ping_status":"closed","template":"","meta":{"_kad_post_transparent":"","_kad_post_title":"","_kad_post_layout":"narrow","_kad_post_sidebar_id":"","_kad_post_content_style":"","_kad_post_vertical_padding":"","_kad_post_feature":"","_kad_post_feature_position":"","_kad_post_header":false,"_kad_post_footer":false,"_kad_post_classname":"","footnotes":""},"class_list":["post-678","page","type-page","status-publish","hentry"],"_links":{"self":[{"href":"https:\/\/horokorva.fi\/index.php\/wp-json\/wp\/v2\/pages\/678","targetHints":{"allow":["GET"]}}],"collection":[{"href":"https:\/\/horokorva.fi\/index.php\/wp-json\/wp\/v2\/pages"}],"about":[{"href":"https:\/\/horokorva.fi\/index.php\/wp-json\/wp\/v2\/types\/page"}],"author":[{"embeddable":true,"href":"https:\/\/horokorva.fi\/index.php\/wp-json\/wp\/v2\/users\/1"}],"replies":[{"embeddable":true,"href":"https:\/\/horokorva.fi\/index.php\/wp-json\/wp\/v2\/comments?post=678"}],"version-history":[{"count":32,"href":"https:\/\/horokorva.fi\/index.php\/wp-json\/wp\/v2\/pages\/678\/revisions"}],"predecessor-version":[{"id":945,"href":"https:\/\/horokorva.fi\/index.php\/wp-json\/wp\/v2\/pages\/678\/revisions\/945"}],"wp:attachment":[{"href":"https:\/\/horokorva.fi\/index.php\/wp-json\/wp\/v2\/media?parent=678"}],"curies":[{"name":"wp","href":"https:\/\/api.w.org\/{rel}","templated":true}]}}