{"id":680,"date":"2025-05-01T16:46:21","date_gmt":"2025-05-01T16:46:21","guid":{"rendered":"https:\/\/horokorva.fi\/?page_id=680"},"modified":"2025-05-30T11:03:08","modified_gmt":"2025-05-30T11:03:08","slug":"tenkaset","status":"publish","type":"page","link":"https:\/\/horokorva.fi\/index.php\/tenkaset\/","title":{"rendered":"Tenkaset"},"content":{"rendered":"\n<p><\/p>\n\n\n\n<h2 class=\"wp-block-heading has-text-align-center\"><strong>Tenkaset, s. 25.10.2023<\/strong><\/h2>\n\n\n\n<p><\/p>\n\n\n\n<div class=\"wp-block-kadence-image kb-image680_cf5c8c-a1\"><figure class=\"alignleft size-large\"><img loading=\"lazy\" decoding=\"async\" width=\"712\" height=\"1024\" src=\"https:\/\/horokorva.fi\/wp-content\/uploads\/2025\/05\/amalia-712x1024.jpg\" alt=\"\" class=\"kb-img wp-image-667\" srcset=\"https:\/\/horokorva.fi\/wp-content\/uploads\/2025\/05\/amalia-712x1024.jpg 712w, https:\/\/horokorva.fi\/wp-content\/uploads\/2025\/05\/amalia-209x300.jpg 209w, https:\/\/horokorva.fi\/wp-content\/uploads\/2025\/05\/amalia-768x1104.jpg 768w, https:\/\/horokorva.fi\/wp-content\/uploads\/2025\/05\/amalia-1068x1536.jpg 1068w, https:\/\/horokorva.fi\/wp-content\/uploads\/2025\/05\/amalia.jpg 1391w\" sizes=\"auto, (max-width: 712px) 100vw, 712px\" \/><\/figure><\/div>\n\n\n\n<div class=\"wp-block-kadence-image kb-image680_251c9e-09\"><figure class=\"alignright size-medium\"><img loading=\"lazy\" decoding=\"async\" width=\"241\" height=\"300\" src=\"https:\/\/horokorva.fi\/wp-content\/uploads\/2025\/05\/niilo-241x300.jpg\" alt=\"\" class=\"kb-img wp-image-781\" srcset=\"https:\/\/horokorva.fi\/wp-content\/uploads\/2025\/05\/niilo-241x300.jpg 241w, https:\/\/horokorva.fi\/wp-content\/uploads\/2025\/05\/niilo-822x1024.jpg 822w, https:\/\/horokorva.fi\/wp-content\/uploads\/2025\/05\/niilo-768x957.jpg 768w, https:\/\/horokorva.fi\/wp-content\/uploads\/2025\/05\/niilo.jpg 1078w\" sizes=\"auto, (max-width: 241px) 100vw, 241px\" \/><figcaption>(C)Maarit Mustonen<\/figcaption><\/figure><\/div>\n\n\n\n<p><\/p>\n\n\n\n<p><\/p>\n\n\n\n<p class=\"has-text-align-left\" style=\"margin-top:var(--wp--preset--spacing--20);margin-right:var(--wp--preset--spacing--20);margin-bottom:var(--wp--preset--spacing--20);margin-left:var(--wp--preset--spacing--20);font-size:15px\">\u00c4iti: <a href=\"https:\/\/horokorva.fi\/index.php\/amalia\/\" data-type=\"page\" data-id=\"643\">FI*Rokkitassu Taivaskin Kirkastuu<\/a>, OSH o<\/p>\n\n\n\n<p class=\"has-text-align-right\" style=\"margin-top:var(--wp--preset--spacing--20);margin-right:var(--wp--preset--spacing--20);margin-bottom:var(--wp--preset--spacing--20);margin-left:var(--wp--preset--spacing--20);font-size:15px\"><br>Is\u00e4: <a href=\"https:\/\/kissat.kissaliitto.fi\/perusnaytto_kissa.aspx?id=267901\" data-type=\"link\" data-id=\"https:\/\/kissat.kissaliitto.fi\/perusnaytto_kissa.aspx?id=267901\" target=\"_blank\" rel=\"noreferrer noopener\">FI*Sultsinan Jack-o-Lantern<\/a> OSH d 03 24<\/p>\n\n\n\n<p class=\"has-text-align-right\" style=\"margin-top:var(--wp--preset--spacing--20);margin-right:var(--wp--preset--spacing--20);margin-bottom:var(--wp--preset--spacing--20);margin-left:var(--wp--preset--spacing--20);font-size:15px\">Om. Maarit Mustonen ja Mirja Pulkkinen, Fi*Sultsinan<\/p>\n\n\n\n<pre class=\"wp-block-code\"><code> \n \n      \n \n \n \n<\/code><\/pre>\n\n\n\n<div class=\"wp-block-kadence-spacer aligncenter kt-block-spacer-680_1a6523-bb\"><div class=\"kt-block-spacer kt-block-spacer-halign-center\"><hr class=\"kt-divider\"\/><\/div><\/div>\n\n\n\n<p><\/p>\n\n\n\n<div class=\"wp-block-media-text is-stacked-on-mobile\" style=\"grid-template-columns:30% auto\"><figure class=\"wp-block-media-text__media\"><img loading=\"lazy\" decoding=\"async\" width=\"1024\" height=\"717\" src=\"https:\/\/horokorva.fi\/wp-content\/uploads\/2025\/05\/arska-1-1024x717.jpg\" alt=\"\" class=\"wp-image-787 size-full\" srcset=\"https:\/\/horokorva.fi\/wp-content\/uploads\/2025\/05\/arska-1-1024x717.jpg 1024w, https:\/\/horokorva.fi\/wp-content\/uploads\/2025\/05\/arska-1-300x210.jpg 300w, https:\/\/horokorva.fi\/wp-content\/uploads\/2025\/05\/arska-1-768x538.jpg 768w, https:\/\/horokorva.fi\/wp-content\/uploads\/2025\/05\/arska-1.jpg 1300w\" sizes=\"auto, (max-width: 1024px) 100vw, 1024px\" \/><\/figure><div class=\"wp-block-media-text__content\">\n<p class=\"has-text-align-left\">FI* H\u00f6r\u00f6korva -Aarne<\/p>\n\n\n\n<p class=\"has-text-align-left\" style=\"margin-top:var(--wp--preset--spacing--20);margin-right:var(--wp--preset--spacing--20);margin-bottom:var(--wp--preset--spacing--20);margin-left:var(--wp--preset--spacing--20);font-size:15px\">OSH b 03 25, uros<\/p>\n\n\n\n<p class=\"has-text-align-left\" style=\"margin-top:var(--wp--preset--spacing--20);margin-right:var(--wp--preset--spacing--20);margin-bottom:var(--wp--preset--spacing--20);margin-left:var(--wp--preset--spacing--20);font-size:15px\">Suklaa ticked tabby bicolor it\u00e4mainen lyhytkarva<br>Aarne asustaa Nokialla Tarvaisten perheess\u00e4 ja <a href=\"https:\/\/horokorva.fi\/index.php\/finnjavlat\/\" data-type=\"page\" data-id=\"678\">Finnj\u00e4vlar<\/a>-pentueen ylpe\u00e4 is\u00e4<\/p>\n\n\n\n<p><\/p>\n\n\n\n<p class=\"has-small-font-size\">Kuva: (C) Tessa<\/p>\n<\/div><\/div>\n","protected":false},"excerpt":{"rendered":"<p>Tenkaset, s. 25.10.2023 \u00c4iti: FI*Rokkitassu Taivaskin Kirkastuu, OSH o Is\u00e4: FI*Sultsinan Jack-o-Lantern OSH d 03 24 Om. Maarit Mustonen ja Mirja Pulkkinen, Fi*Sultsinan FI* H\u00f6r\u00f6korva -Aarne OSH b 03 25, uros Suklaa ticked tabby bicolor it\u00e4mainen lyhytkarvaAarne asustaa Nokialla Tarvaisten perheess\u00e4 ja Finnj\u00e4vlar-pentueen ylpe\u00e4 is\u00e4 Kuva: (C) Tessa<\/p>\n","protected":false},"author":1,"featured_media":0,"parent":0,"menu_order":0,"comment_status":"closed","ping_status":"closed","template":"","meta":{"_kad_post_transparent":"","_kad_post_title":"","_kad_post_layout":"narrow","_kad_post_sidebar_id":"","_kad_post_content_style":"","_kad_post_vertical_padding":"","_kad_post_feature":"","_kad_post_feature_position":"","_kad_post_header":false,"_kad_post_footer":false,"_kad_post_classname":"","footnotes":""},"class_list":["post-680","page","type-page","status-publish","hentry"],"_links":{"self":[{"href":"https:\/\/horokorva.fi\/index.php\/wp-json\/wp\/v2\/pages\/680","targetHints":{"allow":["GET"]}}],"collection":[{"href":"https:\/\/horokorva.fi\/index.php\/wp-json\/wp\/v2\/pages"}],"about":[{"href":"https:\/\/horokorva.fi\/index.php\/wp-json\/wp\/v2\/types\/page"}],"author":[{"embeddable":true,"href":"https:\/\/horokorva.fi\/index.php\/wp-json\/wp\/v2\/users\/1"}],"replies":[{"embeddable":true,"href":"https:\/\/horokorva.fi\/index.php\/wp-json\/wp\/v2\/comments?post=680"}],"version-history":[{"count":31,"href":"https:\/\/horokorva.fi\/index.php\/wp-json\/wp\/v2\/pages\/680\/revisions"}],"predecessor-version":[{"id":993,"href":"https:\/\/horokorva.fi\/index.php\/wp-json\/wp\/v2\/pages\/680\/revisions\/993"}],"wp:attachment":[{"href":"https:\/\/horokorva.fi\/index.php\/wp-json\/wp\/v2\/media?parent=680"}],"curies":[{"name":"wp","href":"https:\/\/api.w.org\/{rel}","templated":true}]}}