{"id":978,"date":"2025-05-30T10:28:58","date_gmt":"2025-05-30T10:28:58","guid":{"rendered":"https:\/\/horokorva.fi\/?page_id=978"},"modified":"2026-04-15T09:41:32","modified_gmt":"2026-04-15T09:41:32","slug":"linkit","status":"publish","type":"page","link":"https:\/\/horokorva.fi\/index.php\/linkit\/","title":{"rendered":"Linkit"},"content":{"rendered":"\n<p><\/p>\n\n\n\n<h2 class=\"wp-block-heading has-text-align-center\"><strong>Linkkej\u00e4<\/strong><\/h2>\n\n\n\n<p><\/p>\n\n\n\n<p class=\"has-text-align-center\" style=\"margin-top:var(--wp--preset--spacing--20);margin-right:var(--wp--preset--spacing--20);margin-bottom:var(--wp--preset--spacing--20);margin-left:var(--wp--preset--spacing--20);font-size:20px\">Alta l\u00f6yd\u00e4t hy\u00f6dyllisiksi kokemiani linkkej\u00e4 kissa-aiheisille sivustoille<\/p>\n\n\n\n<p class=\"has-text-align-center\" style=\"margin-top:var(--wp--preset--spacing--20);margin-right:var(--wp--preset--spacing--20);margin-bottom:var(--wp--preset--spacing--20);margin-left:var(--wp--preset--spacing--20);font-size:20px\"><\/p>\n\n\n\n<p class=\"has-text-align-center\" style=\"margin-top:var(--wp--preset--spacing--20);margin-right:var(--wp--preset--spacing--20);margin-bottom:var(--wp--preset--spacing--20);margin-left:var(--wp--preset--spacing--20);font-size:20px\"><a href=\"https:\/\/kissaliitto.fi\/\" data-type=\"link\" data-id=\"https:\/\/kissaliitto.fi\/\" target=\"_blank\" rel=\"noreferrer noopener\">Suomen kissaliitto ry<\/a><\/p>\n\n\n\n<p class=\"has-text-align-center\" style=\"margin-top:var(--wp--preset--spacing--20);margin-right:var(--wp--preset--spacing--20);margin-bottom:var(--wp--preset--spacing--20);margin-left:var(--wp--preset--spacing--20);font-size:20px\"><a href=\"https:\/\/kissat.kissaliitto.fi\/kissat.aspx\" target=\"_blank\" rel=\"noreferrer noopener\">OmaKissa<\/a><\/p>\n\n\n\n<p class=\"has-text-align-center\" style=\"margin-top:var(--wp--preset--spacing--20);margin-right:var(--wp--preset--spacing--20);margin-bottom:var(--wp--preset--spacing--20);margin-left:var(--wp--preset--spacing--20);font-size:12px\">-palvelu, julkinen n\u00e4kym\u00e4<\/p>\n\n\n\n<p class=\"has-text-align-center\" style=\"margin-top:var(--wp--preset--spacing--20);margin-right:var(--wp--preset--spacing--20);margin-bottom:var(--wp--preset--spacing--20);margin-left:var(--wp--preset--spacing--20);font-size:20px\"><a href=\"https:\/\/www.hervannanelainlaakarit.fi\/\" data-type=\"link\" data-id=\"https:\/\/www.hervannanelainlaakarit.fi\/\" target=\"_blank\" rel=\"noreferrer noopener\">Hervannan el\u00e4inl\u00e4\u00e4k\u00e4rit<\/a> <\/p>\n\n\n\n<p class=\"has-text-align-center\" style=\"margin-top:var(--wp--preset--spacing--20);margin-right:var(--wp--preset--spacing--20);margin-bottom:var(--wp--preset--spacing--20);margin-left:var(--wp--preset--spacing--20);font-size:12px\">&#8211; luottoel\u00e4inl\u00e4\u00e4l\u00e4rimme vuodesta 2005!<\/p>\n\n\n\n<p class=\"has-text-align-center\" style=\"margin-top:var(--wp--preset--spacing--20);margin-right:var(--wp--preset--spacing--20);margin-bottom:var(--wp--preset--spacing--20);margin-left:var(--wp--preset--spacing--20);font-size:20px\"><a href=\"https:\/\/www.pirok.org\/\" data-type=\"link\" data-id=\"https:\/\/www.pirok.org\/\" target=\"_blank\" rel=\"noreferrer noopener\">Pirok<\/a> <\/p>\n\n\n\n<p class=\"has-text-align-center\" style=\"margin-top:var(--wp--preset--spacing--20);margin-right:var(--wp--preset--spacing--20);margin-bottom:var(--wp--preset--spacing--20);margin-left:var(--wp--preset--spacing--20);font-size:12px\">&#8211; Pirkanmaan rotukissayhdistys<\/p>\n\n\n\n<p class=\"has-text-align-center\" style=\"margin-top:var(--wp--preset--spacing--20);margin-right:var(--wp--preset--spacing--20);margin-bottom:var(--wp--preset--spacing--20);margin-left:var(--wp--preset--spacing--20);font-size:20px\"><a href=\"https:\/\/bajava.fi\/\" data-type=\"link\" data-id=\"https:\/\/bajava.net\/\" target=\"_blank\" rel=\"noreferrer noopener\">Bajava<\/a><\/p>\n\n\n\n<p class=\"has-text-align-center\" style=\"margin-top:var(--wp--preset--spacing--20);margin-right:var(--wp--preset--spacing--20);margin-bottom:var(--wp--preset--spacing--20);margin-left:var(--wp--preset--spacing--20);font-size:12px\">&#8211; rotukissayhdistys<\/p>\n\n\n\n<p class=\"has-text-align-center\" style=\"margin-top:var(--wp--preset--spacing--20);margin-right:var(--wp--preset--spacing--20);margin-bottom:var(--wp--preset--spacing--20);margin-left:var(--wp--preset--spacing--20);font-size:20px\"><a href=\"https:\/\/www.sajam.fi\/\" data-type=\"link\" data-id=\"https:\/\/www.sajam.fi\/\" target=\"_blank\" rel=\"noreferrer noopener\">Siam-Orient<\/a> <\/p>\n\n\n\n<p class=\"has-text-align-center\" style=\"margin-top:var(--wp--preset--spacing--20);margin-right:var(--wp--preset--spacing--20);margin-bottom:var(--wp--preset--spacing--20);margin-left:var(--wp--preset--spacing--20);font-size:12px\">&#8211; rotukissayhdistys<\/p>\n\n\n\n<p class=\"has-text-align-center\" style=\"margin-top:var(--wp--preset--spacing--20);margin-right:var(--wp--preset--spacing--20);margin-bottom:var(--wp--preset--spacing--20);margin-left:var(--wp--preset--spacing--20);font-size:20px\"><a href=\"https:\/\/sparrows-garden.com\/cat-coat-calculator.html\" data-type=\"link\" data-id=\"https:\/\/sparrows-garden.com\/cat-coat-calculator.html\" target=\"_blank\" rel=\"noreferrer noopener\">V\u00e4ri &#8221;laskuri&#8221;<\/a> <\/p>\n\n\n\n<p class=\"has-text-align-center\" style=\"margin-top:var(--wp--preset--spacing--20);margin-right:var(--wp--preset--spacing--20);margin-bottom:var(--wp--preset--spacing--20);margin-left:var(--wp--preset--spacing--20);font-size:12px\">&#8211; erinomainen ty\u00f6kalu kasvattajille<\/p>\n\n\n\n<p class=\"has-text-align-center\" style=\"margin-top:var(--wp--preset--spacing--20);margin-right:var(--wp--preset--spacing--20);margin-bottom:var(--wp--preset--spacing--20);margin-left:var(--wp--preset--spacing--20);font-size:20px\"><a href=\"https:\/\/www.cornishrex.fi\/cornish-rex-2\/usein-kysytyt-kysymykset\/sijoituskissa\/\" target=\"_blank\" rel=\"noreferrer noopener\">Sijoituskissa-opas<\/a><\/p>\n\n\n\n<p class=\"has-text-align-center\" style=\"margin-top:var(--wp--preset--spacing--20);margin-right:var(--wp--preset--spacing--20);margin-bottom:var(--wp--preset--spacing--20);margin-left:var(--wp--preset--spacing--20);font-size:12px\">&#8211; Cornish Rex Ryn erinomainen opas sijoituskissoista<\/p>\n\n\n\n<p><\/p>\n\n\n\n<p class=\"has-text-align-center\" style=\"margin-top:var(--wp--preset--spacing--20);margin-right:var(--wp--preset--spacing--20);margin-bottom:var(--wp--preset--spacing--20);margin-left:var(--wp--preset--spacing--20);font-size:20px\"><\/p>\n\n\n\n<figure class=\"wp-block-kadence-image kb-image978_f48ac1-51 size-large\"><img loading=\"lazy\" decoding=\"async\" width=\"1024\" height=\"731\" src=\"https:\/\/horokorva.fi\/wp-content\/uploads\/2025\/05\/linkit-1024x731.jpg\" alt=\"\" class=\"kb-img wp-image-984\" srcset=\"https:\/\/horokorva.fi\/wp-content\/uploads\/2025\/05\/linkit-1024x731.jpg 1024w, https:\/\/horokorva.fi\/wp-content\/uploads\/2025\/05\/linkit-300x214.jpg 300w, https:\/\/horokorva.fi\/wp-content\/uploads\/2025\/05\/linkit-768x548.jpg 768w, https:\/\/horokorva.fi\/wp-content\/uploads\/2025\/05\/linkit-1536x1097.jpg 1536w, https:\/\/horokorva.fi\/wp-content\/uploads\/2025\/05\/linkit.jpg 1861w\" sizes=\"auto, (max-width: 1024px) 100vw, 1024px\" \/><\/figure>\n\n\n\n<p class=\"has-text-align-center\">(C)Virpi Rannikko<\/p>\n\n\n\n<p><\/p>\n","protected":false},"excerpt":{"rendered":"<p>Linkkej\u00e4 Alta l\u00f6yd\u00e4t hy\u00f6dyllisiksi kokemiani linkkej\u00e4 kissa-aiheisille sivustoille Suomen kissaliitto ry OmaKissa -palvelu, julkinen n\u00e4kym\u00e4 Hervannan el\u00e4inl\u00e4\u00e4k\u00e4rit &#8211; luottoel\u00e4inl\u00e4\u00e4l\u00e4rimme vuodesta 2005! Pirok &#8211; Pirkanmaan rotukissayhdistys Bajava &#8211; rotukissayhdistys Siam-Orient &#8211; rotukissayhdistys V\u00e4ri &#8221;laskuri&#8221; &#8211; erinomainen ty\u00f6kalu kasvattajille Sijoituskissa-opas &#8211; Cornish Rex Ryn erinomainen opas sijoituskissoista (C)Virpi Rannikko<\/p>\n","protected":false},"author":1,"featured_media":0,"parent":0,"menu_order":0,"comment_status":"closed","ping_status":"closed","template":"","meta":{"_kad_post_transparent":"","_kad_post_title":"","_kad_post_layout":"narrow","_kad_post_sidebar_id":"","_kad_post_content_style":"","_kad_post_vertical_padding":"","_kad_post_feature":"","_kad_post_feature_position":"","_kad_post_header":false,"_kad_post_footer":false,"_kad_post_classname":"","footnotes":""},"class_list":["post-978","page","type-page","status-publish","hentry"],"_links":{"self":[{"href":"https:\/\/horokorva.fi\/index.php\/wp-json\/wp\/v2\/pages\/978","targetHints":{"allow":["GET"]}}],"collection":[{"href":"https:\/\/horokorva.fi\/index.php\/wp-json\/wp\/v2\/pages"}],"about":[{"href":"https:\/\/horokorva.fi\/index.php\/wp-json\/wp\/v2\/types\/page"}],"author":[{"embeddable":true,"href":"https:\/\/horokorva.fi\/index.php\/wp-json\/wp\/v2\/users\/1"}],"replies":[{"embeddable":true,"href":"https:\/\/horokorva.fi\/index.php\/wp-json\/wp\/v2\/comments?post=978"}],"version-history":[{"count":8,"href":"https:\/\/horokorva.fi\/index.php\/wp-json\/wp\/v2\/pages\/978\/revisions"}],"predecessor-version":[{"id":1394,"href":"https:\/\/horokorva.fi\/index.php\/wp-json\/wp\/v2\/pages\/978\/revisions\/1394"}],"wp:attachment":[{"href":"https:\/\/horokorva.fi\/index.php\/wp-json\/wp\/v2\/media?parent=978"}],"curies":[{"name":"wp","href":"https:\/\/api.w.org\/{rel}","templated":true}]}}